greatest common divisor of 31049 and 54463.
509
What is the greatest common factor of 24 and 3543?
3
What is the highest common factor of 454913 and 423?
47
What is the highest common factor of 1940 and 82?
2
Calculate the highest common divisor of 32 and 1125136.
16
Calculate the greatest common divisor of 36297 and 36.
9
Calculate the highest common divisor of 819 and 600873.
273
What is the highest common factor of 3490065 and 180?
45
Calculate the greatest common divisor of 56628 and 23353.
121
What is the greatest common divisor of 1340784 and 96?
48
Calculate the greatest common factor of 123 and 1392.
3
What is the highest common factor of 595 and 6895?
35
What is the highest common factor of 7 and 5274?
1
Calculate the greatest common divisor of 360 and 1288.
8
Calculate the greatest common factor of 1998 and 351.
27
What is the greatest common factor of 2 and 51502?
2
What is the greatest common divisor of 709332 and 312?
156
What is the greatest common factor of 541860 and 140?
20
Calculate the greatest common factor of 112527 and 45.
9
What is the greatest common divisor of 84 and 185676?
12
Calculate the highest common factor of 76532 and 3233.
53
Calculate the highest common factor of 25 and 382390.
5
Calculate the greatest common divisor of 581067 and 135.
27
What is the highest common factor of 2910 and 78861?
291
What is the highest common divisor of 18920 and 1452?
44
What is the greatest common divisor of 1074 and 181864?
358
Calculate the greatest common divisor of 1255164 and 12.
12
What is the greatest common divisor of 108 and 57756?
12
Calculate the highest common factor of 9504 and 100494.
54
Calculate the highest common factor of 30545 and 410.
205
What is the highest common factor of 1579604 and 9620?
1924
What is the highest common factor of 11670 and 101918?
778
What is the greatest common factor of 70 and 29180?
10
Calculate the highest common factor of 36158 and 2.
2
What is the highest common divisor of 3495 and 2025?
15
What is the highest common factor of 1626633 and 149?
149
Calculate the greatest common factor of 1540 and 2185645.
385
Calculate the greatest common divisor of 209 and 513.
19
What is the highest common divisor of 83888 and 21400?
856
Calculate the greatest common divisor of 1390 and 2879385.
695
What is the highest common divisor of 3 and 229254?
3
What is the greatest common divisor of 77789 and 34169?
727
Calculate the greatest common divisor of 1998 and 145632.
222
Calculate the greatest common factor of 624 and 35688.
24
Calculate the highest common divisor of 7 and 44513.
7
What is the greatest common divisor of 515599 and 146?
73
Calculate the highest common factor of 19070 and 50.
10
What is the greatest common factor of 28268 and 6876?
764
Calculate the highest common divisor of 52669 and 713.
31
Calculate the greatest common factor of 1446 and 54.
6
What is the highest common divisor of 4914 and 458276?
182
What is the greatest common factor of 20083 and 39109?
1057
What is the highest common factor of 1368 and 52839?
171
Calculate the highest common divisor of 81 and 11691.
27
Calculate the highest common divisor of 503396 and 13948.
1268
Calculate the greatest common divisor of 630 and 1022805.
315
Calculate the highest common divisor of 33485 and 57905.
185
What is the greatest common factor of 1881459 and 4188?
1047
Calculate the greatest common divisor of 3892 and 112.
28
Calculate the highest common factor of 3485 and 12155.
85
What is the greatest common divisor of 983 and 20850413?
983
What is the highest common factor of 5894 and 2002?
14
What is the highest common factor of 255 and 139?
1
What is the highest common divisor of 27 and 5283?
9
Calculate the highest common divisor of 15516 and 2.
2
Calculate the highest common divisor of 851 and 22459.
37
What is the greatest common factor of 84483 and 72?
9
Calculate the greatest common divisor of 406 and 26614.
14
Calculate the highest common factor of 1784728 and 1870.
374
Calculate the greatest common divisor of 189 and 98172.
27
Calculate the greatest common factor of 2715 and 1267.
181
Calculate the highest common divisor of 29 and 2897883.
29
Calculate the greatest common factor of 67454 and 174.
58
What is the greatest common divisor of 62 and 460846?
62
Calculate the greatest common factor of 2511 and 15593.
31
Calculate the greatest common factor of 263901 and 363.
363
What is the greatest common factor of 46540 and 455?
65
Calculate the highest common factor of 13 and 2842099.
13
Calculate the highest common factor of 1724630 and 3306.
1102
Calculate the greatest common divisor of 1335 and 75.
15
What is the highest common divisor of 4788247 and 19?
19
What is the highest common factor of 161604 and 4958?
134
What is the highest common divisor of 4532 and 58504?
412
Calculate the highest common divisor of 145 and 220.
5
What is the greatest common factor of 319752 and 72?
72
Calculate the greatest common factor of 426 and 106287.
213
What is the highest common divisor of 4 and 37844?
4
Calculate the highest common factor of 98037 and 216.
27
What is the greatest common factor of 410 and 395609?
41
What is the greatest common factor of 19 and 341259?
19
Calculate the greatest common divisor of 3910 and 249050.
170
What is the highest common factor of 3333 and 182709?
303
Calculate the greatest common factor of 173241 and 72.
9
What is the greatest common factor of 317740 and 5?
5
What is the highest common factor of 891 and 227007?
99
What is the greatest common factor of 1911 and 72579?
39
What is the highest common divisor of 510 and 30?
30
What is the greatest common divisor of 68975 and 1335?
445
Calculate the highest common factor of 192 and 24576.
192
Calculate the highest common divisor of 816 and 8704272.
816
Calculate the greatest common factor of 3230 and 46930.
190
What is the highest common factor of 181559 and 185?
37
Calculate the greatest common factor of 135 and 5005.
5
Calculate the greatest common divisor of 455 and 29484.
91
What is the greatest common factor of 11 and 543763?
11
What is the highest common divisor of 8856 and 27060?
492
Calculate the highest common divisor of 12936 and 5236.
308
Calculate the greatest common factor of 205388 and 8.
4
What is the highest common factor of 45819 and 621?
27
What is the greatest common factor of 68379 and 138?
69
What is the highest common factor of 58 and 72?
2
What is the highest common factor of 3432 and 10712?
104
What is the highest common factor of 1750 and 112?
14
What is the greatest common divisor of 865 and 185?
5
Calculate the greatest common divisor of 1992 and 17679.
249
Calculate the highest common divisor of 759 and 5256834.
759
What is the highest common divisor of 9006 and 3160?
158
What is the highest common divisor of 336575 and 775?
25
What is the highest common divisor of 1344773 and 389?
389
What is the highest common divisor of 10415 and 1070?
5
Calculate the greatest common factor of 65395 and 96309.
1189
Calculate the greatest common factor of 157 and 106289.
157
What is the highest common divisor of 3288 and 120?
24
What is the greatest common divisor of 48 and 429648?
48
Calculate the greatest common factor of 2204 and 3596.
116
What is the highest common factor of 5809 and 37?
37
Calculate the greatest common divisor of 1615 and 493.
17
Calculate the greatest common divisor of 55330 and 24970.
110
What is the greatest common divisor of 125 and 80875?
125
What is the greatest common divisor of 388584 and 288?
72
What is the greatest common divisor of 27 and 39906?
27
Calculate the greatest common divisor of 50479 and 88.
11
Calculate the highest common divisor of 129656 and 1672.
152
Calculate the greatest common divisor of 8 and 12685296.
8
Calculate the highest common factor of 360 and 82440.
360
What is the greatest common divisor of 288690 and 60?
30
What is the highest common divisor of 40 and 143460?
20
Calculate the highest common factor of 986 and 2552.
58
Calculate the greatest common divisor of 882915 and 176.
11
Calculate the highest common factor of 101493 and 1491.
21
What is the highest common divisor of 40 and 179940?
20
Calculate the highest common divisor of 2496656 and 80.
16
Calculate the highest common d